
Let n be 6 - (4/10 + (-414)/10 + 7). Calculate the greatest common factor of 152 and n.
8
Let h(t) = 4*t**2 - 21*t + 16. Let v(k) = -k**3 + 9*k**2 + 6. Let y be v(9). Let m be h(y). Calculate the greatest common divisor of 289 and m.
17
Let z be (3 - 11)/(-15 - -11). What is the greatest common divisor of z and 165?
1
Let k(v) = 167*v - 1045. Let m be k(7). What is the greatest common divisor of m and 3162?
62
Suppose 33*b - 37*b - 2*o + 54 = 0, 5*b - 3*o - 84 = 0. Suppose -1 = -2*y + 7. Suppose y*g - 20 = -0*g. Calculate the highest common factor of b and g.
5
Let h(g) = 7*g - 11. Let r be h(7). Suppose -26*v + 14 = -r. Suppose -b + 3*b - 4 = 0. What is the greatest common factor of b and v?
2
Let y(u) = -u**2 + 16*u - 25. Let v be y(14). Suppose -v*a + 945 = 18*a. What is the highest common divisor of a and 5?
5
Let x be 3936/(-410)*(-15)/4. What is the highest common divisor of x and 180?
36
Suppose 13*r - 10 = 14*r - 4*g, r - 53 = -5*g. What is the greatest common divisor of r and 20862?
18
Let b(v) = -4*v**2 + 9*v. Let f be b(2). Suppose f*u - 7 = -5*m + 27, 3*u = 2*m + 89. Calculate the highest common divisor of u and 45.
9
Suppose 4*h + 3*y - 456 = 0, -4*y - 593 = -5*h - 2*y. Let a = 603 - 376. Suppose 0 = -a*b + 236*b - 81. What is the highest common factor of h and b?
9
Let a be (-4)/(-2)*(-47 - 3). Let z = 43 - a. Suppose 32 = 4*j + 5*h, -j - 2*h + 5*h + 25 = 0. What is the greatest common divisor of z and j?
13
Let a(b) = -5*b**3 + 26*b**2 - 4*b + 43. Let v be a(5). What is the greatest common divisor of 152 and v?
8
Let k(y) = 8*y**2 - 64*y + 760. Let p be k(13). Calculate the highest common divisor of 25 and p.
5
Let v(w) = w**3 - 7*w**2 - 7*w - 6. Let i be v(8). Suppose -121*a + 2166 = -64*a. What is the greatest common factor of i and a?
2
Suppose 0 = -3*k + 7*k - 256. Suppose -10*g + 3 = -11 - 66. What is the highest common factor of k and g?
8
Suppose 11*y - 84 = 4*y. Let f be y - (-17 + 1)/4. Let a be (-3 - 9)/((-2)/f). Calculate the greatest common divisor of 32 and a.
32
Let c = 6902 + -6900. Calculate the greatest common divisor of c and 658.
2
Suppose 130*p - 4*o + 356 = 132*p, 0 = 5*o - 25. Let a(v) = -v + 19. Let u be a(10). Calculate the highest common factor of u and p.
3
Suppose -v + 5*v = -5*o + 137, -o + 149 = 4*v. Suppose 0 = 4*h - v + 2. What is the highest common factor of h and 81?
9
Suppose -8*k - 16 = 4*l - 4*k, 2*l = -4*k - 14. Let d be l/(3/(-1227)) - -1. Calculate the greatest common divisor of 10 and d.
10
Suppose 3*o - 3*b = 31500, -o + 4*b + 7812 = -2706. Calculate the greatest common factor of 36 and o.
18
Let y = 88 - 113. Let u be (-265)/y - 8/(-20). Let i = u - -10. What is the highest common factor of 42 and i?
21
Let w(n) = n**3 - 7*n**2 - 9*n + 13. Let y be w(8). Suppose 6 = -y*b + 11. Let x be (-100)/(-8)*2/b. Calculate the greatest common factor of x and 75.
25
Let r(a) be the second derivative of a**5/20 - 2*a**4/3 + 4*a**3/3 + a**2 - 120*a. Let l be r(9). What is the highest common divisor of l and 10?
5
Suppose -263 = -35*y + 577. Suppose 0 = -5*x + w + 1874, y*x - 22*x - 744 = -w. Calculate the greatest common factor of x and 66.
22
Let n be (7/2*(6 + -4))/1. Let g(o) = o - 6. Let q be g(2). Let r be 8 + 6/2 + q. What is the greatest common factor of n and r?
7
Let z be ((-312)/(-16))/(-13)*(-2 - (-4 - -8)). What is the highest common divisor of z and 261?
9
Let o = -5 - -26. Suppose 3*x = 0, -6*x + 3*x - 28 = 4*r. Let j be 6 + (-4 - 721/r). What is the highest common factor of j and o?
21
Let s(m) = m**3 - 7*m**2 - 10*m + 21. Let o be s(8). Suppose -o*y = 15, -130 = 12*n - 17*n + 5*y. Calculate the highest common divisor of n and 23.
23
Suppose -3*t = -3*y - 15, -y = 3*t + 2*y - 39. Let d(j) = 6*j + 29. Let a be d(7). Let q be 1*(-1)/1 + 2 + a. What is the highest common factor of t and q?
9
Suppose -107*f - 7355184 = -231*f. Calculate the highest common divisor of f and 12.
12
Let y be 8/2*(5 + -2). Suppose 0 = 72*r - 94*r - 132. Let g be (-27)/r*(-400)/(-30). Calculate the highest common factor of y and g.
12
Let v(d) = 21*d**2 - 2*d. Let o be v(2). Let u(j) = 19*j**3 - 325*j**2 + 44*j - 122. Let i be u(17). Calculate the highest common factor of o and i.
16
Suppose 37 = 7*c - 26. Suppose 0 = -3*x - 4*r + 65, x + 21*r - c = 26*r. What is the highest common factor of x and 19?
19
Let q = 344 - 344. Suppose -3*d - 5*d + 16 = q. Calculate the greatest common divisor of 50 and d.
2
Let p = 1274 + -1267. Let s(h) = -h**2 + 5*h + 6. Let a be s(5). Suppose 76 = p*d + a. Calculate the highest common divisor of 80 and d.
10
Let s = -612 + 964. Let a = s - 181. What is the highest common factor of 9 and a?
9
Let g = -249 + 254. Suppose 2*s = -g*w + 48, -11*w + 36 = -7*w + s. What is the highest common divisor of w and 26?
2
Suppose 32*x + 130*x - 14030 = -143*x. What is the greatest common divisor of 11845 and x?
23
Let o = 44 - 4. Let j be 177642/1775 + 6/(-75). Calculate the highest common divisor of j and o.
20
Suppose -5*m + 2*f + 194 = 0, 0*f - 5*f - 25 = -m. Let a = m - 39. Let u be 5 + (-1 - 2) + a. Calculate the highest common factor of u and 27.
3
Suppose 5*f - 3*y = 328, 27*f - 35*f = -y - 502. Calculate the greatest common divisor of f and 62.
62
Let f(o) = 63*o**2 - 52*o - 16. Let s be f(-7). What is the highest common factor of s and 15?
15
Suppose -8*y - 492 = -3*g - 6*y, -5*g + 881 = 17*y. What is the greatest common divisor of 2739 and g?
83
Suppose 0 = 5*h + 14*u - 18*u - 7196, -h - 3*u = -1424. Calculate the highest common factor of h and 4.
4
Suppose 0 = 2*j + 4*t - 572, 4*t - 803 - 681 = -5*j. Calculate the highest common factor of j and 736.
16
Let s = 49 + -43. Let r be ((-18)/8)/(s/(-288)). What is the greatest common divisor of 27 and r?
27
Let k(v) = -7*v**2 - 31*v + 706. Let l be k(-12). What is the greatest common factor of l and 7504?
14
Suppose -77*x + 5820 = 10*x + 10*x. Calculate the highest common divisor of 332 and x.
4
Let y = 117 - -76. Suppose 3*j - 196 + y = 0. What is the highest common factor of j and 44?
1
Suppose 5*u + 3*r = 16, -u + 14 = 2*u + 4*r. Let i = 656 + -220. Suppose -12 = -u*g + i. Calculate the greatest common factor of g and 32.
32
Suppose -42672*m = -42709*m + 2294. Suppose 0 = 4*y - 227 - 641. What is the greatest common factor of y and m?
31
Suppose 17*s + 318 = 70*s. What is the greatest common factor of 3789 and s?
3
Let t be (273/105 + 1)/((-1)/(-5)). Calculate the highest common factor of t and 9.
9
Suppose 0 = -4*s + 9 + 23. Suppose 11*d = 19*d. Suppose 11*r - 8*r = -3*i + 93, 3*r - i - 113 = d. What is the greatest common divisor of r and s?
4
Let d be 1/(1/2) - 6. Let t be 6*3/6 + -2. Let y be 16/t*-2*14/d. What is the greatest common factor of y and 14?
14
Let z be 130/4 - (-2)/(-4). Let i = -247 + 249. Suppose -o - 2*q = -i, -3 = -4*o - 3*q + 10. What is the highest common factor of z and o?
4
Let x(s) = -2*s**2 - 21*s + 7. Let b be x(-15). Let m = 938 + b. What is the highest common divisor of 10 and m?
10
Let p(f) = f - 2*f - f. Let m be p(-2). Suppose -36*t - 2772 - 3212 = -124*t. Calculate the greatest common divisor of t and m.
4
Let j = 686 + -539. What is the greatest common divisor of 2842 and j?
49
Let v(p) be the second derivative of -3*p**3 - 27/2*p**2 + 14*p + 0. Let j be v(-8). Calculate the greatest common divisor of j and 13.
13
Let g be -2 - (-4 - (-10)/2). Let f(m) = 2*m + 8. Let p be f(g). Let c be (1/3)/(-2*(-1)/6). Calculate the greatest common divisor of p and c.
1
Let z be 96/(-36)*15/10. Let a be (15/z)/(1/(24/(-5))). Let g be 27/(-4)*(-64)/6. What is the greatest common factor of g and a?
18
Let s be (2/4)/(((-72)/2000)/(-9)). Suppose -10*n = -1625 + s. What is the greatest common factor of n and 75?
75
Let r be -5 + (-5)/(85/(-126769)). Calculate the greatest common divisor of 81 and r.
81
Let d be -12*(-6)/54*3*531. Calculate the greatest common divisor of 324 and d.
36
Suppose 74*g - 41*g - 4488 = 0. Suppose 2*y + 136 = 6*y. What is the highest common factor of g and y?
34
Suppose q + 268*z - 265*z = 38, 124 = 4*q - 2*z. What is the highest common divisor of 1432 and q?
8
Let s = -1058 + 2507. What is the greatest common divisor of 92 and s?
23
Let m = 66 - 42. Let c = -96 + 192. Calculate the highes